) = p**3 - 2*p**2 - 8*p + 2. What is s(4)?
2
Let w(d) = d**3 + d**2 - d + 14. Give w(0).
14
Let o(t) = t**3 - 4*t**2 + 4*t - 6. Determine o(4).
10
Let z(s) = 8*s + 25. Determine z(3).
49
Let w(s) = s**2 - 22*s + 27. Determine w(22).
27
Let s(v) = -33*v**3 + v - 1. What is s(1)?
-33
Let u(t) = -93*t - 1. Give u(1).
-94
Let q(u) = u + 11. Calculate q(-6).
5
Let j(n) = -2*n + 24. Determine j(-4).
32
Let n(y) = 20*y - 2. Give n(2).
38
Let g(f) = -f**3 + 26*f**2 + 24*f + 23. Give g(27).
-58
Let i(j) = 11*j**3 + j**2 + 4*j + 5. Calculate i(-1).
-9
Let m(t) = -12*t**3 - 2*t**2 + 1. Calculate m(-1).
11
Let h(l) = 2*l**2 - 1. Calculate h(0).
-1
Let z(d) = 58*d**2 - 5*d - 4. What is z(-1)?
59
Let j(y) = -y**2 - 9*y. Determine j(-7).
14
Let y(h) = h**3 - 14*h**2 + 8*h + 104. What is y(13)?
39
Let z(c) = -c**3 - 8*c**2 + c + 9. What is z(-8)?
1
Let y(s) = 10*s - 3. Determine y(-3).
-33
Let t(h) = h**2 - 2*h - 56. Determine t(-7).
7
Let t(u) = -11*u**3 - 2*u**2 + 2*u - 4. Calculate t(-2).
72
Let j(w) = -15*w + 56. Give j(7).
-49
Let n(h) = -h**3 + 11*h**2 - 19*h + 3. Give n(8).
43
Let d(t) = -6*t**2 + 39*t + 20. What is d(7)?
-1
Let t(x) = 2*x**2 - 6*x + 39. Give t(6).
75
Let m(y) = -43*y + 89. Calculate m(2).
3
Let k(v) = -3*v**3 + 11*v**2 + 3*v - 2. Give k(4).
-6
Let d(v) = -2*v + 2. Determine d(4).
-6
Let v(x) = -x**3 - 4*x**2 + 4*x - 7. Give v(-5).
-2
Let a(b) = 8*b - 5. Determine a(2).
11
Let w(m) = 101*m - 9. Determine w(-1).
-110
Let i(t) = t**2 - 17*t - 28. Give i(19).
10
Let f(c) = c**3 + 3*c**2 - 11*c - 25. Calculate f(-3).
8
Let c(p) = p**2 - 5*p + 11. Give c(2).
5
Let n(k) = -k**2 - 11*k + 17. Calculate n(-10).
27
Let z(x) = 2*x + 21. Give z(-16).
-11
Let d(s) = 40*s + 1. Calculate d(-1).
-39
Let s(t) = 29*t. What is s(-1)?
-29
Let v(k) = -k**3 - 3*k**2 + 5. Calculate v(-3).
5
Let c(m) = -m**3 - 3*m**2 + m - 6. Determine c(-4).
6
Let h(w) = w**2 - 14*w + 7. What is h(14)?
7
Let f(o) = -3*o + 8. Determine f(-1).
11
Let r(f) = 2*f - 14. Calculate r(0).
-14
Let i(g) = 64*g + 639. Determine i(-10).
-1
Let c(b) = b**2 + 15*b + 30. Determine c(-12).
-6
Let b(a) = -46*a - 85. Calculate b(-2).
7
Let t(n) = 9*n + 1. Give t(2).
19
Let o(n) = -3*n**2 + 5. What is o(-3)?
-22
Let b(x) = -2*x**2 + 107*x - 266. Calculate b(51).
-11
Let i(c) = -c - 20. Determine i(-17).
-3
Let x(i) = i**2 - i. What is x(3)?
6
Let i(q) = q**3 + 5*q**2 - 2*q - 2. Give i(-6).
-26
Let h(c) = -2*c**2 - 35*c - 101. Determine h(-14).
-3
Let y(d) = 33*d + 193. Give y(-6).
-5
Let c(t) = 25*t - 1. What is c(-1)?
-26
Let k(i) = -3*i**2 - 4*i - 3. Give k(-1).
-2
Let w(v) = 33*v + 5. What is w(-2)?
-61
Let p(u) = 8*u**3 + u + 2. Calculate p(-1).
-7
Let w(x) = 3*x - 119. What is w(38)?
-5
Let x(f) = f**3 - f**2 - 87. Calculate x(0).
-87
Let s(t) = t**3 + 3*t**2 - t + 2. What is s(-3)?
5
Let v(o) = o**3 + 5*o**2 - 18*o - 6. Determine v(-8).
-54
Let c(k) = 7*k + 71. What is c(-19)?
-62
Let d(o) = o**3 + 3*o**2 - 9*o - 3. What is d(-5)?
-8
Let i(z) = -2*z**2 - 15*z + 18. Determine i(8).
-230
Let n(w) = -w**2 - 45*w - 233. Calculate n(-39).
1
Let k(z) = -2*z**2 - 12*z - 5. Determine k(-8).
-37
Let d(z) = 2*z**3 - 2*z**2 + 2*z - 1. Calculate d(1).
1
Let y(w) = -21*w + 57. Determine y(3).
-6
Let k(r) = r**2 + 6*r - 5. Give k(-7).
2
Let c(p) = p**2 + 4*p - 58. What is c(-10)?
2
Let l(p) = -2*p**2 - p - 5. What is l(0)?
-5
Let i(m) = -m**2 + 14*m + 8. Calculate i(17).
-43
Let t(b) = 27*b**3 - 2*b**2 + 3*b - 1. Determine t(1).
27
Let t(c) = -c**3 + 14*c**2 - 13*c - 11. Give t(13).
-11
Let j(x) = x**3 + 4*x**2 - 7*x - 3. Calculate j(-6).
-33
Let c(z) = -2*z**2 + 7*z - 20. What is c(-5)?
-105
Let n(q) = -q**3 - 13*q**2 - 13*q - 8. Calculate n(-12).
4
Let n(x) = -x - 36. Determine n(-6).
-30
Let i(p) = p + 7. Give i(-11).
-4
Let c(l) = -4*l**3 - l**2 + 3*l - 1. Give c(2).
-31
Let u(f) = -f**3 - 18*f**2 - 75*f + 15. What is u(-11)?
-7
Let g(z) = -z**2 - 2*z - 51. Give g(0).
-51
Let z(f) = -f**2 + 3*f - 6. Calculate z(3).
-6
Let o(u) = -u**3 - 5*u**2 - u - 31. What is o(-6)?
11
Let n(z) = -6*z**2 + 6*z - 11. Calculate n(-5).
-191
Let n(c) = -15*c**2 + 2*c + 2. What is n(-1)?
-15
Let m(f) = 5*f**3 + 63*f**2 + 35*f - 6. Determine m(-12).
6
Let d(y) = y**3 - 5*y**2 - 4*y + 12. Determine d(5).
-8
Let c(k) = 3*k**2 + 9*k + 7. Determine c(-6).
61
Let w(c) = -4*c**2 + 17*c - 1. Give w(7).
-78
Let u(j) = -j**3 - 10*j**2 - 7*j + 15. Calculate u(-9).
-3
Let x(i) = -i**2 - 17*i - 58. What is x(-4)?
-6
Let c(r) = 3*r**2 - 10*r + 7. Calculate c(6).
55
Let w(g) = -g**2 - 8*g. Calculate w(-6).
12
Let a(s) = 2*s. Calculate a(-14).
-28
Let d(a) = 2*a**3 - 4*a**2 - a + 1. Determine d(3).
16
Let j(o) = -o**3 + 7*o**2 - 9*o - 1. Calculate j(4).
11
Let y(u) = u**2 + 21*u + 33. Determine y(-19).
-5
Let l(d) = d**3 + 23*d**2 - 22*d - 30. Determine l(-24).
-78
Let t(c) = -c**3 + 4*c**2 - c - 5. Calculate t(4).
-9
Let m(q) = -22*q - 77. What is m(-4)?
11
Let c(y) = y + 21. What is c(17)?
38
Let k(x) = x**2 - 16*x - 13. Give k(16).
-13
Let m(y) = -13*y - 44. Determine m(-3).
-5
Let w(d) = d**3 - 8*d**2 + 11*d. Determine w(6).
-6
Let r(q) = 73*q + 221. Give r(-3).
2
Let l(b) = -b**2 + 6*b + 5. What is l(6)?
5
Let k(f) = 6*f**2 - 2*f. What is k(2)?
20
Let h(a) = 3*a**3 + 2*a - 3. Determine h(2).
25
Let x(m) = m**2 + 11*m + 24. Give x(-9).
6
Let n(x) = x**3 + 15*x**2 + 28*x + 39. What is n(-13)?
13
Let a(s) = -12*s - 23. What is a(-5)?
37
Let w(n) = -4*n + 35. Calculate w(10).
-5
Let n(p) = -p**2 - 9*p - 3. Give n(-9).
-3
Let a(u) = -u**2 - 9*u + 15. What is a(-11)?
-7
Let y(q) = -4*q + 3. What is y(-4)?
19
Let y(o) = -o**2 + 10*o - 28. Determine y(8).
-12
Let k(z) = -z**2 - 6*z - 1. Give k(-6).
-1
Let o(c) = -9*c - 1. Calculate o(1).
-10
Let i(s) = -s**2 + 5*s - 6. Give i(5).
-6
Let n(w) = -w**3 + 5*w**2 - 12*w + 3. What is n(5)?
-57
Let o(q) = -q**3 + 6*q**2 - 3. Give o(6).
-3
Let j(a) = 2*a**3 + 4*a**2 + 8*a + 15. Determine j(-3).
-27
Let d(h) = -27*h + 2. Calculate d(1).
-25
Let n(b) = b**2 + 3*b - 222. Determine n(-16).
-14
Let a(d) = d**3 - 4*d**2 - 6*d - 2. What is a(5)?
-7
Let s(j) = -j**3 - 8*j**2 + 17*j - 23. Determine s(-10).
7
Let x(b) = -b**3 + 7*b**2 + 5*b + 15. What is x(8)?
-9
Let j(c) = -6*c**3 + c**2 - 1. Calculate j(-1).
6
Let o(h) = 114*h**3 - 2*h**2. Determine o(1).
112
Let t(d) = d**2 + 4*d - 2. Determine t(-3).
-5
Let m(p) = p**3 + 9*p**2 + 4*p + 31. Calculate m(-9).
-5
Let r(d) = 4*d**2 - d - 1. Calculate r(-1).
4
Let o(d) = d**2 - 3*d - 213. Give o(16).
-5
Let p(i) = -i**2 + 10*i - 5. Give p(6).
19
Let z(f) = -63*f**3 + 3*f**2 + 3*f + 1. Calculate z(-1).
64
Let w(b) = b**3 - 3*b**2 - 5*b. Calculate w(5).
25
Let n(b) = -b**3 - 24*b**2 + 55*b + 65. What is n(-26)?
-13
Let r(h) = 2*h**3 - 5*h**2 - 8*h - 13. Give r(-2).
-33
Let x(f) = -f**2 - 11*f - 13. Determine x(-10).
-3
Let d(s) = -s**3 + 18*s**2 - 32*s + 6. Determine d(16).
6
Let q(o) = 3*o**3 - 4*o**2 - o + 3. Give q(2).
9
Let c(i) = -i**3 + 9*i**2 - 21*i + 15. Calculate c(6).
-3
Let f(x) = 5*x**3 - x**2 - x + 1. Give f(1).
4
Let y(v) = 2*v + 2. Give y(-5).
-8
Let z(b) = 3*b + 6. What is z(-5)?
-9
Let d(v) = -v**3 - 6*v**2 - v - 1. Give d(-2).
-15
Let a(s) = -s**3 - 8*s**2 + 7*s - 14. Give a(-9).
4
Let r(s) = s**2 - 4*s + 7. What is r(7)?
28
Let h(x) = x - 2. Calculate h(9).
7
Let q(o) = o**3 + 15*o**2 + 25*o - 14. What is q(-13)?
-1
Let g(s) = 52*s**2 - 2*s. What is g(1)?
50
Let r(i) = 2*i - 16. Give r(5).
-6
Let q(w) = -2*w**2 + 25*w - 9. Give q(12).
3
Let m(o) = 7*o. What is m(1)?
7
Let s(v) = 17*v - 2. Determine s(1).
15
Let r(b) = b**2 + 3. Give r(3).
12
Let d(b) = -2*b**2 - 34*b + 25. Determine d(-18).
-11
Let z(l) = 3*l + 2. Calculate z(-6).
-16
Let g(l) = -2*l**3 - 6*l**2 + 3*l + 5. What is g(-3)?
-4
Let y(v) = -v**2 + 12*v + 63. Give y(16).
-1
Let h(n) = 41*n**3 + 2*n**2 - 2*n + 1. Give h(1).
42
Let m(g) = 19*g + 269. Give m(-14).
3
Let p(i) = -126*i + 125. What is p(1)?
-1
Let w(t) = 4*t**2 - 30*t + 5. Determine w(7).
-9
Let s(a) = -2*a. Give s(-3).
6
Let m(s) = -26*s**2 - 5*s - 5. Determine m(-1).
-26
Let q(j) = 10*j**2 - 169*j - 15. Calculate q(17).
2
Let a(h) = -2*h - 55. Calculate a(-27).
-1
Let h(u) = -3*u**2 + 9*u - 11. Calculate h(5).
-41
Let c(d) = 2*d + 6. What is c(-4)?
-2
Let x(b) = -b**3 + 4*b**2 + b + 7. Determine x(4).
11
Let c